s the units digit of z?
1
Let m(v) = v + 12. Let o be m(-10). Suppose -k - 2*c = -7, -c + o = -2*k + 3*c. Suppose k*x = 112 - 19. What is the tens digit of x?
3
Suppose -3 = -2*u + 9. Suppose -3*o = -0 - u. Suppose 2*r - 189 = -5*s, 3*s - 4*r - 107 = -o*r. What is the tens digit of s?
3
Let w be (10/(-15))/((-2)/(-3)). Let c = 82 + w. What is the units digit of c?
1
Let r(g) = -g**3 - 15*g**2 - 13*g + 16. Let a(x) = -x - 2. Let i be a(-2). Suppose 4*q = -i*q - 56. What is the units digit of r(q)?
2
Let k(s) = 8 - 6*s + 5*s**2 - 4*s**2 - 1 + 0*s. Let l be k(5). Suppose 0*a + l = a. What is the units digit of a?
2
Suppose -4*w + 0*w + 1080 = 0. What is the hundreds digit of w?
2
Let q = -1024 - -1725. What is the units digit of q?
1
Let d = -5 - 28. Let p = d + 41. What is the units digit of p?
8
Let x be ((-164)/6)/(-1*(-1)/(-3)). Suppose -x = -r + 2*n - 7, r - 85 = -3*n. What is the tens digit of r?
7
Let c(f) = -f**2 - 9*f - 8. Let g be c(-6). Suppose 4*r - 2*y - g = 134, r = -2*y + 31. What is the units digit of r?
5
Let d(b) = 943*b**2 + 6*b + 6. What is the tens digit of d(-1)?
4
Suppose 3*t = -h - 19, 5 = -0*t - t. Suppose -5 = -s, -3*d + 0*s + 46 = -s. Let k = h + d. What is the tens digit of k?
1
Let i(d) = 8*d - 29. Let j be i(-18). Let x = -97 - j. What is the tens digit of x?
7
Suppose 2*o + 9 + 9 = 0. Let j be (30/o)/((-3)/(-18)). Let y = 25 + j. What is the units digit of y?
5
Let a be 270/4 - (-2)/4. Suppose -3*d = -37 - a. What is the units digit of d?
5
Let o = -19 - -23. Suppose 5*g = 5, -414 - 336 = -o*j + 2*g. Suppose 4*t - 8*t + j = 0. What is the tens digit of t?
4
Suppose w - 203 = o, 0*w - 4*w + 3*o = -808. Suppose -41 = z + 3*y - w, -2*z = -5*y - 327. What is the hundreds digit of z?
1
Suppose -4*t = 5*d - 1490, 5*t + 2*d + d = 1869. Let u = t + -202. What is the tens digit of u?
7
Let y(w) = -16*w - 15 + w**2 - 2*w**2 + 0*w**2. Let v be y(-11). Let b = v - 18. What is the tens digit of b?
2
Let g be (-2)/9 - (-714)/(-108)*-2. Let z = g + 26. What is the tens digit of z?
3
Suppose 2*x - 4*r = 16, 2*x + x = -2*r + 24. Let j be 1/(12/x - 2). What is the units digit of (1/j)/((-2)/108)?
7
Let w(q) = 35*q + 9. Let a be 5/(-20) + ((-75)/(-12) - 2). What is the units digit of w(a)?
9
Let a(w) = 244*w**2 + 10*w - 34. What is the tens digit of a(4)?
1
Let g be 96/(-10) + 24/40. Suppose 5*m = -p + 53, 5*p - 7*m = -2*m + 175. Let l = p - g. What is the units digit of l?
7
Suppose 5*b = 56 + 64. Suppose u - 3*g - b = 0, -4*g = u - 2*g - 4. What is the tens digit of u?
1
Suppose 4*o = -5*u + 2381, -594 = -59*o + 58*o - u. What is the units digit of o?
9
Suppose 8*j = 4*j + 2032. Suppose -4*p - 160 = -j. What is the tens digit of p?
8
Let h = -2202 + 3555. What is the thousands digit of h?
1
Let p = -21 + 25. Suppose 2*t - 2*q + 0*q = 12, p*t = q + 36. Suppose -6*m = -t*m + 232. What is the tens digit of m?
5
Let j = -53 - -55. Suppose 2*w + w + 204 = 3*v, j*v = -w + 151. What is the units digit of v?
3
Suppose -3*q - 4*b + 1250 = 0, 2*q + b - 110 = 720. What is the tens digit of q?
1
Let f(s) = s**3 - 9*s**2 + s - 5. Let p be f(9). Suppose 53 = p*m + i, 3*m - i - 45 = -0*m. Suppose 0 = 5*t - 159 + m. What is the tens digit of t?
2
Let p = -3 + 6. Suppose 12 = -p*q + 6*q. What is the tens digit of 24*(1 - (-1)/q)?
3
Let p be (16/4)/2 - 2. Suppose p = -6*j + j - 290. Let n = j + 82. What is the units digit of n?
4
Suppose -7*v - 2*s + 2624 = -2*v, 5*s = v - 514. What is the units digit of v?
4
Let g = 20 + -18. Suppose 8 - g = -4*c - i, 2*i = 5*c + 14. What is the units digit of 5 + c - (-3 + -49)?
5
Let c = -9 - -4. Let b(m) be the second derivative of -4*m**3/3 - 3*m**2 - 2*m. What is the units digit of b(c)?
4
What is the units digit of 10 + -18 - (-692 - -2)?
2
Let l = 160 + 46. What is the hundreds digit of l?
2
Suppose -32*t = -34*t + 322. What is the units digit of t?
1
Let l(q) = 3*q**2 + 16*q + 28. What is the thousands digit of l(-25)?
1
Let y(x) = 5*x**2 - 2*x + 110. What is the tens digit of y(11)?
9
Let r = 8 - 6. Let w = -4 - r. What is the units digit of (-145)/(-15) - (-4)/w?
9
Let u = -127 + 220. What is the units digit of u?
3
What is the units digit of 1167/4*((-153)/27 + 7)?
9
Let j = 58 + -50. Suppose v = 4*d - v - 26, -2*d - 4*v + j = 0. What is the units digit of d?
6
What is the hundreds digit of (-387918)/(-276) - (14/4 - 1)?
4
Let j(v) = 13*v - 14. Let z be j(4). Let s be 69/(-2) - 19/z. Let l = -12 - s. What is the units digit of l?
3
Let c = 9 - 15. Let v be 28/12 - 4/c. Suppose -v*j + 5*j - 30 = 0. What is the units digit of j?
5
Suppose 66*l - 64*l = -10, 0 = 4*n - l - 1861. What is the hundreds digit of n?
4
Let p be (8/2)/(1/6). Suppose -12 = a - 3*a - 3*d, -p = -4*a + 4*d. Let h(i) = 2*i**2 - 7*i - 10. What is the units digit of h(a)?
0
What is the tens digit of (2*1 - (-522 - 8)) + -3?
2
Let q(d) = -d**2 + 12*d + 6. Let z be q(13). What is the units digit of (-36)/(-6) + z - -262*1?
1
Suppose 6*l = 23804 - 3980. Suppose 15*z = z + l. What is the tens digit of z?
3
Let h(s) = 11*s**2 - 5*s - 11. Let z(c) = -5*c**2 + 2*c + 6. Let o(k) = -4*h(k) - 9*z(k). What is the units digit of o(-16)?
4
Suppose 0 = 4*l + 2*u - 11 - 3, -39 = -4*l + 3*u. Suppose m = l*m - 165. What is the units digit of m + 3 + (-8)/2?
2
Suppose -47 = 3*n + 31. Let c(z) = -z**3 - 26*z**2 - 8*z - 39. What is the units digit of c(n)?
9
Let n(h) = h + 54. Let g be n(0). Suppose a = -4*y + 3, 4*y = 5*a - 3*a - g. Suppose -5*b + m + a = 0, -10 = -2*b - 2*m - 0. What is the units digit of b?
4
Let c = 10 - 14. Let n = 4 + c. What is the units digit of -2 + n + 2 + 18?
8
Let l = -110 + 130. Let j(c) = -2*c**2 + 5*c - 2. Let w be j(3). What is the tens digit of (-8)/w*150/l?
1
Let t(k) = -k**3 + 10*k**2 + 8*k - 5. Let z be t(10). Suppose -w - 4*l + 41 = 0, 2*w = l - 2*l + z. Suppose -2*b + 27 = -w. What is the tens digit of b?
3
Suppose 33 = 3*x - 4*j, -4*j = 3*x - 17 - 16. Let t = x + -1. What is the tens digit of (5/t)/(1/36)?
1
Let f = -578 - -2176. What is the thousands digit of f?
1
Suppose -7550 = -18*u - 2690. What is the tens digit of u?
7
Let f = -155 + 76. Let y = -33 - f. What is the tens digit of y?
4
Suppose -5*q = -109 - 226. Let a = -12 + 14. Suppose p - 65 = -p + i, a*p - 3*i = q. What is the units digit of p?
2
Let d(q) = q**2 - 5*q + 7. Let l be d(4). Suppose -4*o + 58 = -l*o - 3*f, 4*f = -o + 86. What is the tens digit of o?
7
What is the units digit of (-5 - 776/16)*(-5 - -3)?
7
Let h be (-6 - (-99)/15) + 74/10. Suppose -h*v + 117 = -1147. What is the tens digit of v?
5
Let r be 5*(-1)/((-8)/9 + 1). What is the units digit of (r + 0)*6/(-5)?
4
Let n(r) = r**2 + 2*r - 45. Let u be n(6). Suppose p = -5*c + 68, 180 = u*p + c + 4. What is the tens digit of p?
5
What is the hundreds digit of (2 + 1)/(-1)*(-212336)/552?
1
Let l be 1 - -1 - 138/(-6). Suppose -10 = 2*z, -2*z + 5*z + l = 5*p. Suppose 3 = p*q - 33. What is the tens digit of q?
1
Let s be (-1)/((-3)/6) - 0. Let m be 11*(s/(-1) - -3). Let h = 42 - m. What is the tens digit of h?
3
Suppose -5*n + 0*n = 0. Suppose n = -v - 3*v + 32. Suppose -3*k - 135 = -v*k. What is the units digit of k?
7
Suppose 4 = 7*g - 3. Suppose 3*l - g - 20 = 0. What is the units digit of l?
7
Let w(g) = g**3 + 10*g**2 + 10*g + 12. Let f be w(-9). Suppose 90 = -f*d + 4*d - 5*l, -25 = 5*l. What is the tens digit of d?
6
Let p(x) = -x**2 + 6*x + 3. Let h be p(6). Suppose -h*m - 83 = -2*j, 3*m - 4*m + 5 = 0. What is the tens digit of j?
4
Suppose -799 = -l + 4*y, -3929 = 3*l - 8*l - 2*y. What is the tens digit of l?
8
Let b be 9/6*(5 - 3). Suppose 0 = -b*s - 3*l - 6, 0 = -3*s + 4*l - 8*l - 10. What is the units digit of (8/4)/4*s?
1
Suppose 0 = -5*d - 2932 + 172. What is the units digit of (-2)/(-7) - d/28?
0
Let s = 1736 - 890. What is the units digit of s?
6
Let j be 2/4 - 3/6. Suppose j = -u - 0 + 3. Suppose 0 = -u*m + 6*m - 129. What is the tens digit of m?
4
Suppose -3*o = 2*o - 0*o. What is the tens digit of o - (-210 - 8/(-3 - -5))?
1
Suppose 6*w = 3 - 105. Let k(p) = -4*p**2 + 3*p + 3. Let g be k(3). Let z = w - g. What is the units digit of z?
7
Suppose 5*o - 3*y = 172, -4*o = -3*o + 4*y - 39. Let i = -15 + o. Suppose -2*p + 7 = 5*b + 30, 5*b + i = -5*p. What is the units digit of p?
